{"id":5636,"date":"2024-02-02T10:18:37","date_gmt":"2024-02-02T10:18:37","guid":{"rendered":"https:\/\/www.rdtest123.it\/?page_id=5636"},"modified":"2024-07-02T17:02:36","modified_gmt":"2024-07-02T17:02:36","slug":"future-management-2","status":"publish","type":"page","link":"https:\/\/www.rosciolidevelopment.com\/?page_id=5636","title":{"rendered":"FUTURE MANAGEMENT"},"content":{"rendered":"\t\t<div data-elementor-type=\"wp-page\" data-elementor-id=\"5636\" class=\"elementor elementor-5636\">\n\t\t\t\t\t\t<section class=\"elementor-section elementor-top-section elementor-element elementor-element-2b7d0f5f elementor-section-boxed elementor-section-height-default elementor-section-height-default\" data-id=\"2b7d0f5f\" data-element_type=\"section\">\n\t\t\t\t\t\t<div class=\"elementor-container elementor-column-gap-default\">\n\t\t\t\t\t<div class=\"elementor-column elementor-col-100 elementor-top-column elementor-element elementor-element-235e28bd\" data-id=\"235e28bd\" data-element_type=\"column\">\n\t\t\t<div class=\"elementor-widget-wrap elementor-element-populated\">\n\t\t\t\t\t\t<section class=\"elementor-section elementor-inner-section elementor-element elementor-element-47f091e4 elementor-reverse-tablet elementor-section-boxed elementor-section-height-default elementor-section-height-default\" data-id=\"47f091e4\" data-element_type=\"section\">\n\t\t\t\t\t\t<div class=\"elementor-container elementor-column-gap-default\">\n\t\t\t\t\t<div class=\"elementor-column elementor-col-100 elementor-inner-column elementor-element elementor-element-46e903d0\" data-id=\"46e903d0\" data-element_type=\"column\">\n\t\t\t<div class=\"elementor-widget-wrap elementor-element-populated\">\n\t\t\t\t\t\t<div class=\"elementor-element elementor-element-64d0a095 elementor-widget elementor-widget-heading\" data-id=\"64d0a095\" data-element_type=\"widget\" data-widget_type=\"heading.default\">\n\t\t\t\t<div class=\"elementor-widget-container\">\n\t\t\t<style>\/*! elementor - v3.21.0 - 15-04-2024 *\/\n.elementor-heading-title{padding:0;margin:0;line-height:1}.elementor-widget-heading .elementor-heading-title[class*=elementor-size-]>a{color:inherit;font-size:inherit;line-height:inherit}.elementor-widget-heading .elementor-heading-title.elementor-size-small{font-size:15px}.elementor-widget-heading .elementor-heading-title.elementor-size-medium{font-size:19px}.elementor-widget-heading .elementor-heading-title.elementor-size-large{font-size:29px}.elementor-widget-heading .elementor-heading-title.elementor-size-xl{font-size:39px}.elementor-widget-heading .elementor-heading-title.elementor-size-xxl{font-size:59px}<\/style><h2 class=\"elementor-heading-title elementor-size-default\">FUTURE MANAGEMENT<\/h2>\t\t<\/div>\n\t\t\t\t<\/div>\n\t\t\t\t\t<\/div>\n\t\t<\/div>\n\t\t\t\t\t<\/div>\n\t\t<\/section>\n\t\t\t\t<section class=\"elementor-section elementor-inner-section elementor-element elementor-element-17d39c32 elementor-section-boxed elementor-section-height-default elementor-section-height-default\" data-id=\"17d39c32\" data-element_type=\"section\">\n\t\t\t\t\t\t<div class=\"elementor-container elementor-column-gap-default\">\n\t\t\t\t\t<div class=\"elementor-column elementor-col-100 elementor-inner-column elementor-element elementor-element-4aaf1b7b\" data-id=\"4aaf1b7b\" data-element_type=\"column\">\n\t\t\t<div class=\"elementor-widget-wrap elementor-element-populated\">\n\t\t\t\t\t\t<div class=\"elementor-element elementor-element-46825c03 elementor-widget elementor-widget-image\" data-id=\"46825c03\" data-element_type=\"widget\" data-widget_type=\"image.default\">\n\t\t\t\t<div class=\"elementor-widget-container\">\n\t\t\t<style>\/*! elementor - v3.21.0 - 15-04-2024 *\/\n.elementor-widget-image{text-align:center}.elementor-widget-image a{display:inline-block}.elementor-widget-image a img[src$=\".svg\"]{width:48px}.elementor-widget-image img{vertical-align:middle;display:inline-block}<\/style>\t\t\t\t\t\t\t\t\t\t<img fetchpriority=\"high\" decoding=\"async\" width=\"866\" height=\"556\" src=\"https:\/\/www.rosciolidevelopment.com\/wp-content\/uploads\/2024\/03\/Screenshot-2024-02-11-alle-18.10.25.png\" class=\"attachment-full size-full wp-image-6219\" alt=\"\" srcset=\"https:\/\/www.rosciolidevelopment.com\/wp-content\/uploads\/2024\/03\/Screenshot-2024-02-11-alle-18.10.25.png 866w, https:\/\/www.rosciolidevelopment.com\/wp-content\/uploads\/2024\/03\/Screenshot-2024-02-11-alle-18.10.25-768x493.png 768w\" sizes=\"(max-width: 866px) 100vw, 866px\" \/>\t\t\t\t\t\t\t\t\t\t\t\t\t<\/div>\n\t\t\t\t<\/div>\n\t\t\t\t<div class=\"elementor-element elementor-element-6cdb587 elementor-widget elementor-widget-text-editor\" data-id=\"6cdb587\" data-element_type=\"widget\" data-widget_type=\"text-editor.default\">\n\t\t\t\t<div class=\"elementor-widget-container\">\n\t\t\t<style>\/*! elementor - v3.21.0 - 15-04-2024 *\/\n.elementor-widget-text-editor.elementor-drop-cap-view-stacked .elementor-drop-cap{background-color:#69727d;color:#fff}.elementor-widget-text-editor.elementor-drop-cap-view-framed .elementor-drop-cap{color:#69727d;border:3px solid;background-color:transparent}.elementor-widget-text-editor:not(.elementor-drop-cap-view-default) .elementor-drop-cap{margin-top:8px}.elementor-widget-text-editor:not(.elementor-drop-cap-view-default) .elementor-drop-cap-letter{width:1em;height:1em}.elementor-widget-text-editor .elementor-drop-cap{float:left;text-align:center;line-height:1;font-size:50px}.elementor-widget-text-editor .elementor-drop-cap-letter{display:inline-block}<\/style>\t\t\t\t<p>Il Future Management \u00e8 il ponte che unisce il futuro alla gestione e risponde ad una pluralit\u00e0 di esigenze, quali: <em>Come cambier\u00e0 il nostro mercato, il business e il contesto nei prossimi cinque, dieci anni?<\/em> <em>Quali eventi o sviluppi futuri potranno costituire delle sorprese?<\/em> <em>Come prepararci? Quali opportunit\u00e0 e rischi emergono dagli sviluppi futuri per i nostri mercati, i nostri prodotti, i nostri processi, le nostre strutture e strategie? Cosa abbiamo bisogno di fare per concretizzare le nostre aspettative future? Cosa sta accadendo nel nostro settore? Come si stanno \u201cmuovendo\u201d i vostri competitors? Quali i rischi strategici?<\/em><\/p>\t\t\t\t\t\t<\/div>\n\t\t\t\t<\/div>\n\t\t\t\t<div class=\"elementor-element elementor-element-f3a22b1 elementor-widget elementor-widget-heading\" data-id=\"f3a22b1\" data-element_type=\"widget\" data-widget_type=\"heading.default\">\n\t\t\t\t<div class=\"elementor-widget-container\">\n\t\t\t<h2 class=\"elementor-heading-title elementor-size-default\">STRATEGIC ROADMAPPING<\/h2>\t\t<\/div>\n\t\t\t\t<\/div>\n\t\t\t\t<div class=\"elementor-element elementor-element-2fadc6c elementor-widget elementor-widget-text-editor\" data-id=\"2fadc6c\" data-element_type=\"widget\" data-widget_type=\"text-editor.default\">\n\t\t\t\t<div class=\"elementor-widget-container\">\n\t\t\t\t\t\t\t<p>Il futuro si costruisce. Stabilire il cammino, percorrerlo considerando l\u2019intero sistema aziendale, comunicare e coinvolgere gli stakeholder per massimizzare la capacit\u00e0 di arrivare all\u2019obiettivo.<\/p>\n<p><!-- \/wp:paragraph --><!-- wp:paragraph --><\/p>\n<p><strong>Strategic Roadmapping \u00e8 un processo finalizzato a cogliere, attraverso analisi esplorative di eventi e tendenze, sintetizzare e integrare la prospettiva evolutiva\/strategica in modo semplice e visuale<\/strong>. Un approccio pratico, capace di facilitare la riflessione direzionale, la comunicazione e il coordinamento tra le diverse aree aziendali cos\u00ec da definire le prospettive future, le scelte strategiche e i programmi. Un processo che accresce la sostenibilit\u00e0 e l\u2019execution.\u00a0<\/p>\n<p><span style=\"font-family: var(--wp--preset--font-family--fontsecondary); font-size: var(--wp--preset--font-size--superbfont-xsmall);\">La utilizziamo anche per:<\/span><\/p>\n<p><!-- \/wp:paragraph --><!-- wp:paragraph --><\/p>\n<p><em>&#8211; Migliorare la comprensione e la risposta agli scenari futuri;<\/em><\/p>\n<p><em><!-- \/wp:paragraph --><!-- wp:paragraph --><\/em><\/p>\n<p><em>&#8211; Identificare nuove opportunit\u00e0 di business per sfruttare la tecnologia ed esplorare, valutare e pianificare le opportunit\u00e0 di innovazione strategica;<\/em><\/p>\n<p><em><!-- \/wp:paragraph --><!-- wp:paragraph --><\/em><\/p>\n<p><em>&#8211; Allineare la strategia commerciale e tecnica e facilitare l\u2019integrazione di nuove tecnologie nel business;<\/em><\/p>\n<p><em><!-- \/wp:paragraph --><!-- wp:paragraph --><\/em><\/p>\n<p><em>&#8211; Prendere decisioni sviluppando il consenso sulle priorit\u00e0;<\/em><\/p>\n<p><em><!-- \/wp:paragraph --><!-- wp:paragraph --><\/em><\/p>\n<p><em>&#8211; Allineare la strategia tra organizzazioni (supply chain, joint venture, fusioni, acquisizioni, collaborazioni);<\/em><\/p>\n<p><em><!-- \/wp:paragraph --><!-- wp:paragraph --><\/em><\/p>\n<p><em>&#8211; Catturare e condividere la conoscenza su mercati, prodotti e tecnologia<\/em><\/p>\t\t\t\t\t\t<\/div>\n\t\t\t\t<\/div>\n\t\t\t\t<div class=\"elementor-element elementor-element-8fa810b elementor-widget elementor-widget-heading\" data-id=\"8fa810b\" data-element_type=\"widget\" data-widget_type=\"heading.default\">\n\t\t\t\t<div class=\"elementor-widget-container\">\n\t\t\t<h2 class=\"elementor-heading-title elementor-size-default\">TECHNOLOGY FORESIGHT<\/h2>\t\t<\/div>\n\t\t\t\t<\/div>\n\t\t\t\t<div class=\"elementor-element elementor-element-54c68aa elementor-widget elementor-widget-text-editor\" data-id=\"54c68aa\" data-element_type=\"widget\" data-widget_type=\"text-editor.default\">\n\t\t\t\t<div class=\"elementor-widget-container\">\n\t\t\t\t\t\t\t<p>In quali tecnologie dovremmo investire? Una domanda chiave e che connette direttamente con il futuro. Investire nella tecnologia giusta segna il destino dell\u2019azienda.<\/p>\n<p><!-- \/wp:paragraph --><!-- wp:paragraph --><\/p>\n<p>Piuttosto che procedere esplorando diverse tecnologie, con costi elevati e crescenti, occorre focalizzarsi e investire sulle tecnologie che segneranno il settore di riferimento nel medio e lungo periodo.\u00a0<strong>Il nostro approccio alla previsione tecnologica<\/strong>\u00a0(Technology Foresight)\u00a0<strong>consente di individuare e rispondere alla domanda sugli sviluppi tecnologici.<\/strong><\/p>\n<p><!-- \/wp:paragraph --><!-- wp:paragraph --><\/p>\n<p>Le nostre analisi e le nostre partnership esclusive ci consentono di anticipare le tecnologie dominanti, a costi grandemente ridotti e accuratezza superiore rispetto alle indicazioni dei \u201cbig della consulenza tecnologica\u201d.<br \/>Con un\u00a0<strong>approccio fondato sull\u2019analisi di Big Data<\/strong>\u00a0brevettuali vi forniamo informazioni e riferimenti accurati sui tempi di affermazione delle tecnologie e sul loro sviluppo atteso.<\/p>\t\t\t\t\t\t<\/div>\n\t\t\t\t<\/div>\n\t\t\t\t<div class=\"elementor-element elementor-element-0c2bfc3 elementor-widget elementor-widget-heading\" data-id=\"0c2bfc3\" data-element_type=\"widget\" data-widget_type=\"heading.default\">\n\t\t\t\t<div class=\"elementor-widget-container\">\n\t\t\t<h2 class=\"elementor-heading-title elementor-size-default\"><a href=\"http:\/\/www.rosciolidevelopment.com\/?page_id=5640\">ALCUNI CASI<\/a><\/h2>\t\t<\/div>\n\t\t\t\t<\/div>\n\t\t\t\t\t<\/div>\n\t\t<\/div>\n\t\t\t\t\t<\/div>\n\t\t<\/section>\n\t\t\t\t\t<\/div>\n\t\t<\/div>\n\t\t\t\t\t<\/div>\n\t\t<\/section>\n\t\t\t\t<\/div>\n\t\t","protected":false},"excerpt":{"rendered":"<p>FUTURE MANAGEMENT Il Future Management \u00e8 il ponte che unisce il futuro alla gestione e risponde ad una pluralit\u00e0 di esigenze, quali: Come cambier\u00e0 il nostro mercato, il business e il contesto nei prossimi cinque, dieci anni? Quali eventi o sviluppi futuri potranno costituire delle sorprese? Come prepararci? Quali opportunit\u00e0 e rischi emergono dagli sviluppi [&hellip;]<\/p>\n","protected":false},"author":1,"featured_media":0,"parent":0,"menu_order":0,"comment_status":"closed","ping_status":"closed","template":"","meta":{"footnotes":""},"_links":{"self":[{"href":"https:\/\/www.rosciolidevelopment.com\/index.php?rest_route=\/wp\/v2\/pages\/5636"}],"collection":[{"href":"https:\/\/www.rosciolidevelopment.com\/index.php?rest_route=\/wp\/v2\/pages"}],"about":[{"href":"https:\/\/www.rosciolidevelopment.com\/index.php?rest_route=\/wp\/v2\/types\/page"}],"author":[{"embeddable":true,"href":"https:\/\/www.rosciolidevelopment.com\/index.php?rest_route=\/wp\/v2\/users\/1"}],"replies":[{"embeddable":true,"href":"https:\/\/www.rosciolidevelopment.com\/index.php?rest_route=%2Fwp%2Fv2%2Fcomments&post=5636"}],"version-history":[{"count":22,"href":"https:\/\/www.rosciolidevelopment.com\/index.php?rest_route=\/wp\/v2\/pages\/5636\/revisions"}],"predecessor-version":[{"id":6666,"href":"https:\/\/www.rosciolidevelopment.com\/index.php?rest_route=\/wp\/v2\/pages\/5636\/revisions\/6666"}],"wp:attachment":[{"href":"https:\/\/www.rosciolidevelopment.com\/index.php?rest_route=%2Fwp%2Fv2%2Fmedia&parent=5636"}],"curies":[{"name":"wp","href":"https:\/\/api.w.org\/{rel}","templated":true}]}}