{"id":5948,"date":"2024-02-20T08:51:20","date_gmt":"2024-02-20T08:51:20","guid":{"rendered":"https:\/\/www.rdtest123.it\/?page_id=5948"},"modified":"2024-03-01T10:59:19","modified_gmt":"2024-03-01T10:59:19","slug":"perche-noi","status":"publish","type":"page","link":"https:\/\/www.rosciolidevelopment.com\/?page_id=5948","title":{"rendered":"PERCHE&#8217; ROSCIOLI DEVELOPMENT?"},"content":{"rendered":"\t\t<div data-elementor-type=\"wp-page\" data-elementor-id=\"5948\" class=\"elementor elementor-5948\">\n\t\t\t\t\t\t<section class=\"elementor-section elementor-top-section elementor-element elementor-element-4cb7d539 elementor-section-content-middle elementor-reverse-mobile elementor-section-stretched elementor-section-boxed elementor-section-height-default elementor-section-height-default\" data-id=\"4cb7d539\" data-element_type=\"section\" data-settings=\"{&quot;background_background&quot;:&quot;classic&quot;,&quot;stretch_section&quot;:&quot;section-stretched&quot;}\">\n\t\t\t\t\t\t<div class=\"elementor-container elementor-column-gap-no\">\n\t\t\t\t\t<div class=\"elementor-column elementor-col-50 elementor-top-column elementor-element elementor-element-61227e07\" data-id=\"61227e07\" data-element_type=\"column\" data-settings=\"{&quot;background_background&quot;:&quot;classic&quot;}\">\n\t\t\t<div class=\"elementor-widget-wrap elementor-element-populated\">\n\t\t\t\t\t\t<section class=\"elementor-section elementor-inner-section elementor-element elementor-element-25c6203c elementor-section-boxed elementor-section-height-default elementor-section-height-default\" data-id=\"25c6203c\" data-element_type=\"section\">\n\t\t\t\t\t\t<div class=\"elementor-container elementor-column-gap-no\">\n\t\t\t\t\t<div class=\"elementor-column elementor-col-100 elementor-inner-column elementor-element elementor-element-701ec479\" data-id=\"701ec479\" data-element_type=\"column\">\n\t\t\t<div class=\"elementor-widget-wrap elementor-element-populated\">\n\t\t\t\t\t\t<div class=\"elementor-element elementor-element-79a80df elementor-widget elementor-widget-text-editor\" data-id=\"79a80df\" data-element_type=\"widget\" data-widget_type=\"text-editor.default\">\n\t\t\t\t<div class=\"elementor-widget-container\">\n\t\t\t<style>\/*! elementor - v3.21.0 - 15-04-2024 *\/\n.elementor-widget-text-editor.elementor-drop-cap-view-stacked .elementor-drop-cap{background-color:#69727d;color:#fff}.elementor-widget-text-editor.elementor-drop-cap-view-framed .elementor-drop-cap{color:#69727d;border:3px solid;background-color:transparent}.elementor-widget-text-editor:not(.elementor-drop-cap-view-default) .elementor-drop-cap{margin-top:8px}.elementor-widget-text-editor:not(.elementor-drop-cap-view-default) .elementor-drop-cap-letter{width:1em;height:1em}.elementor-widget-text-editor .elementor-drop-cap{float:left;text-align:center;line-height:1;font-size:50px}.elementor-widget-text-editor .elementor-drop-cap-letter{display:inline-block}<\/style>\t\t\t\t<h2><span style=\"font-family: var(--wp--preset--font-family--fontprimary); font-size: var(--wp--preset--font-size--superbfont-large); font-weight: 400;\">Perch\u00e8,<\/span><em style=\"font-family: var(--wp--preset--font-family--fontprimary); font-size: var(--wp--preset--font-size--superbfont-large); font-weight: 400;\"><strong> Noi siamo Voi.<\/strong><\/em><\/h2>\n<p><em>&#8220;Perch\u00e9 teniamo alla vostra azienda e al vostro lavoro, cos\u00ec come ci tenete voi.&nbsp;Non siamo altro, non siamo altri: siamo il vostro pi\u00f9 alto obiettivo.&#8221;&nbsp;<\/em><\/p>\n<p><strong>Daniele Roscioli<\/strong><\/p>\n<p>CEO e Founder Roscioli Development<\/p>\t\t\t\t\t\t<\/div>\n\t\t\t\t<\/div>\n\t\t\t\t\t<\/div>\n\t\t<\/div>\n\t\t\t\t\t<\/div>\n\t\t<\/section>\n\t\t\t\t\t<\/div>\n\t\t<\/div>\n\t\t\t\t<div class=\"elementor-column elementor-col-50 elementor-top-column elementor-element elementor-element-e13663f\" data-id=\"e13663f\" data-element_type=\"column\" data-settings=\"{&quot;background_background&quot;:&quot;classic&quot;}\">\n\t\t\t<div class=\"elementor-widget-wrap elementor-element-populated\">\n\t\t\t\t\t\t<div class=\"elementor-element elementor-element-566e3345 elementor-widget elementor-widget-image\" data-id=\"566e3345\" data-element_type=\"widget\" data-widget_type=\"image.default\">\n\t\t\t\t<div class=\"elementor-widget-container\">\n\t\t\t<style>\/*! elementor - v3.21.0 - 15-04-2024 *\/\n.elementor-widget-image{text-align:center}.elementor-widget-image a{display:inline-block}.elementor-widget-image a img[src$=\".svg\"]{width:48px}.elementor-widget-image img{vertical-align:middle;display:inline-block}<\/style>\t\t\t\t\t\t\t\t\t\t<img decoding=\"async\" src=\"https:\/\/www.rosciolidevelopment.com\/wp-content\/uploads\/2024\/02\/roscioli-def-12.png\" title=\"roscioli-def-12\" alt=\"roscioli-def-12\" loading=\"lazy\" \/>\t\t\t\t\t\t\t\t\t\t\t\t\t<\/div>\n\t\t\t\t<\/div>\n\t\t\t\t\t<\/div>\n\t\t<\/div>\n\t\t\t\t\t<\/div>\n\t\t<\/section>\n\t\t\t\t<\/div>\n\t\t","protected":false},"excerpt":{"rendered":"<p>Perch\u00e8, Noi siamo Voi. &#8220;Perch\u00e9 teniamo alla vostra azienda e al vostro lavoro, cos\u00ec come ci tenete voi.&nbsp;Non siamo altro, non siamo altri: siamo il vostro pi\u00f9 alto obiettivo.&#8221;&nbsp; Daniele Roscioli CEO e Founder Roscioli Development<\/p>\n","protected":false},"author":1,"featured_media":0,"parent":0,"menu_order":0,"comment_status":"closed","ping_status":"closed","template":"","meta":{"footnotes":""},"_links":{"self":[{"href":"https:\/\/www.rosciolidevelopment.com\/index.php?rest_route=\/wp\/v2\/pages\/5948"}],"collection":[{"href":"https:\/\/www.rosciolidevelopment.com\/index.php?rest_route=\/wp\/v2\/pages"}],"about":[{"href":"https:\/\/www.rosciolidevelopment.com\/index.php?rest_route=\/wp\/v2\/types\/page"}],"author":[{"embeddable":true,"href":"https:\/\/www.rosciolidevelopment.com\/index.php?rest_route=\/wp\/v2\/users\/1"}],"replies":[{"embeddable":true,"href":"https:\/\/www.rosciolidevelopment.com\/index.php?rest_route=%2Fwp%2Fv2%2Fcomments&post=5948"}],"version-history":[{"count":50,"href":"https:\/\/www.rosciolidevelopment.com\/index.php?rest_route=\/wp\/v2\/pages\/5948\/revisions"}],"predecessor-version":[{"id":6146,"href":"https:\/\/www.rosciolidevelopment.com\/index.php?rest_route=\/wp\/v2\/pages\/5948\/revisions\/6146"}],"wp:attachment":[{"href":"https:\/\/www.rosciolidevelopment.com\/index.php?rest_route=%2Fwp%2Fv2%2Fmedia&parent=5948"}],"curies":[{"name":"wp","href":"https:\/\/api.w.org\/{rel}","templated":true}]}}